Calculate the highest common divisor of j and 21.
3
Suppose w + 8*f + 44 = 3*f, -62 = 2*w - 3*f. Let n be -3*w/(-6)*(0 + -1). What is the highest common factor of n and 17?
17
Suppose 3*f = -3*f - 36. Let x = 66 + f. Calculate the highest common divisor of 15 and x.
15
Suppose 22*i - 120 = 21*i. What is the greatest common divisor of 90 and i?
30
Suppose -96*y - 200 = -101*y. What is the highest common factor of y and 120?
40
Let n = -29 - -35. Suppose 3*h = n*h - 144. Calculate the greatest common divisor of h and 24.
24
Let x be 1 + 2/(0 + -1). Let z = 4 + x. Suppose 3*i = 15, 0 = b + b - z*i - 9. Calculate the greatest common divisor of 108 and b.
12
Suppose -3*v + y = -45, v + 0*v - 2*y = 10. Suppose -3*k = 9, l - 13 = -3*l - k. What is the greatest common divisor of l and v?
4
Let f(r) = -r**3 + 4*r**2 - 2*r - 2. Let j be f(3). Suppose -6*g + 270 = 252. What is the greatest common factor of g and j?
1
Let f(s) = 24*s**2 + 3*s + 1. Let h be f(-1). Let a = -25 + h. Let z be 1*175 - 3/a. What is the highest common factor of z and 16?
16
Let f(m) = -m**3 + 4*m**2 + 13*m - 4. Let l be f(6). Let t be (l + 0)/(3 + -1). Calculate the highest common factor of t and 8.
1
Suppose -15*t + 327 + 213 = 0. Calculate the greatest common divisor of 396 and t.
36
Suppose -28*x + 39*x = 858. Calculate the greatest common divisor of x and 819.
39
Let d be (-6)/9 - (-676)/6. Suppose q + 12 = -2*r + 22, 5*q + 6*r - 62 = 0. What is the highest common divisor of q and d?
16
Let j(o) = 3*o**2 - 2*o - 4. Suppose 0 = 2*t - 7*t + 65. Suppose -t*m = -12*m - 6. Let z be j(m). Calculate the highest common factor of 23 and z.
23
Let d(p) = p**2 + p - 3. Let f be ((-2)/(-5))/((-2)/(-20)). Let t be d(f). What is the highest common factor of 68 and t?
17
Suppose v + 2*z - 8 = 0, -2*v + 2*z = -v + 4. Suppose -n = -v*m - 58, -2*n - 3*m + m + 92 = 0. What is the greatest common factor of n and 25?
25
Let c be (0 + 6)*(-5 - (-133)/21). Calculate the highest common divisor of c and 4.
4
Suppose 7*r = r + 294. Calculate the greatest common divisor of 49 and r.
49
Let b = 293 - 20. Calculate the greatest common factor of b and 42.
21
Suppose 0 = y - 3*m - 864, -2*y = -6*y - m + 3417. What is the greatest common factor of y and 90?
45
Let t be (-2 - -2)/6 - -35. Suppose -9*x + 70 = -8*x. What is the greatest common divisor of t and x?
35
Suppose -5*b = -3*b + 30. Let w = b - -20. Suppose 4*m + 25 + w = 3*o, o = -2*m + 20. What is the greatest common divisor of 7 and o?
7
Suppose -265 = -u - 260. Calculate the greatest common divisor of u and 65.
5
Let w(i) = 10*i - 26. Let a = -101 - -106. Let o be w(a). Suppose t = 4 + 20. Calculate the highest common divisor of t and o.
24
Suppose 0 = 74*r - 72*r - 10. Let m(i) = 2*i**2 - 6*i - 4. Let x be m(r). Calculate the greatest common factor of x and 24.
8
Suppose -4*l - 4*m + 146 + 6 = 0, -5*m = -2*l + 90. Let p be (-6)/(-165)*-5 + (-224)/(-22). Calculate the greatest common divisor of l and p.
10
Let s = 206 + 107. Let y = s - 49. Calculate the highest common factor of 24 and y.
24
Suppose -13 + 107 = 2*h. Let k = h + -29. What is the greatest common factor of 27 and k?
9
Let n = -80 + 204. Let s = -116 + n. What is the highest common factor of s and 8?
8
Let x(d) = 58*d + 198. Let z be x(11). What is the greatest common divisor of 76 and z?
76
Suppose -174 = 3*z - 6*z. Let u = -36 + z. Suppose -j = -5*r - 55, -110 = -2*j - 2*r + r. What is the greatest common divisor of j and u?
11
Let a = -61 + 73. Let z(g) = -34*g - 18. Let l be z(-3). Calculate the greatest common factor of a and l.
12
Let p(m) = 2*m**3 + 6*m**2 - m - 3. Let i be p(-3). Suppose 3*a + 14 - 68 = i. What is the highest common factor of 180 and a?
18
Let j = 1466 - 1450. What is the highest common factor of 188 and j?
4
Let j(f) = 58*f - 506. Let t be j(13). Calculate the greatest common divisor of 186 and t.
62
Let q be ((-1 - 2) + -3)/(-2). Suppose q*v - 7 = 188. Suppose -3*r + 8*r - v = 0. Calculate the highest common factor of 65 and r.
13
Suppose -3*h - 76 = 4*b - 101, 3*b + 4*h = 24. What is the greatest common divisor of b and 38?
2
Let y be (9/(-6))/((-18)/(-12)). Let b(l) = 15*l**2 + 2*l + 1. Let i be b(y). What is the greatest common divisor of i and 28?
14
Suppose 9*x = 12*x. Suppose 4*o - o = x. Suppose o = -5*y + 4*k + 18 + 40, 52 = 5*y - k. Calculate the greatest common factor of y and 25.
5
Let v = -39 - -21. Let o be (-32)/(-24)*v/(-4). What is the highest common divisor of o and 6?
6
Suppose 154 = 6*i - 1646. What is the greatest common divisor of 225 and i?
75
Suppose 3*x - 5*p - 30 = 10, 5*p = 5. Let w(h) = -2*h - 2. Let v be w(2). Let l be 1/(x/v + 3). Calculate the highest common divisor of l and 8.
2
Let q(o) = 5*o - 10. Let y be q(7). Let m = 33 - y. What is the highest common divisor of 80 and m?
8
Suppose 28*i + 87 = 18*i + 1847. Let x(c) = c**3 - 5*c**2 - 4*c + 4. Let b be x(6). Calculate the greatest common divisor of b and i.
16
Let b = 65 - 65. Suppose 3*a + 4*w - 72 = b, -a - 2*a + 2*w = -90. Let c = 133 + -63. Calculate the greatest common factor of c and a.
14
Let j(w) = -w**3 - 9*w**2 + 5. Let u be j(-9). Suppose -k + r + 34 = 0, 0*r - 10 = u*r. Let v = -17 - -65. Calculate the greatest common factor of v and k.
16
Let w(g) = 2*g**2 + 2*g + 2. Let j be w(-2). Let c be (j/9)/(1/(-9)). Let h be (-468)/c + 0 + 2. Calculate the greatest common factor of h and 16.
16
Suppose 6*o - o = -85. Let k = o + 27. Let s be 4/18 + (-352)/(-36). Calculate the highest common factor of k and s.
10
Let u(x) = 13*x + 13. Let v be u(3). What is the greatest common divisor of 52 and v?
52
Let k = -31 - 4. Let z = 71 + k. Suppose f - 9 = 15. Calculate the greatest common factor of f and z.
12
Suppose -18 = -a + 9. Let m(f) = -f**3 + 6*f**2 - 5*f. Let l be m(5). Suppose l = -22*d + 24*d - 36. What is the highest common divisor of a and d?
9
Let i be 5028/42 + 0 + 8/28. What is the greatest common divisor of 15 and i?
15
Let b = -1065 + 1074. What is the highest common factor of b and 132?
3
Let i(q) = -5*q**3 + q**2 + 10*q + 55. Let x be i(-4). What is the highest common divisor of 390 and x?
39
Let c be ((-21)/1 - 7)/((-4)/2). What is the highest common divisor of 112 and c?
14
Let z = 328 - 92. Suppose 2*j + z = 5*s, 0*s + 4*s + 5*j = 202. Calculate the highest common divisor of 12 and s.
12
Suppose -10*v + 7*v - 5*t + 136 = 0, -v + 68 = -4*t. Suppose 7*q - 172 = 10. Calculate the highest common factor of v and q.
26
Suppose -3*h - 9 = -0*h, -5*r + 107 = -4*h. Let z = r + -10. What is the highest common divisor of 18 and z?
9
Let n be -2 - (-4 - -1*2). Suppose g + 5*r = 13, -4*g + 3*r + 0 + 6 = 0. Suppose -g*w + 2*w + 8 = n. What is the greatest common factor of w and 32?
8
Suppose -4*z + 2 - 10 = 0. Let v be (-4 - (0 - -3))*z. What is the greatest common factor of 21 and v?
7
Let p(r) be the first derivative of r**3/3 + 15*r**2/2 + 4*r - 10. Let i be p(-15). Calculate the greatest common factor of i and 40.
4
Suppose -64*t = -44*t - 500. What is the greatest common factor of 150 and t?
25
Let v = -583 - -693. What is the greatest common factor of 495 and v?
55
Let w = -1062 + 1108. What is the greatest common factor of 138 and w?
46
Let c = 41 + -21. Let w = -141 + 151. Calculate the highest common factor of c and w.
10
Let z be (-3 - -12)*4/3. Let n(j) = -2*j - 3 + j + z. Let r be n(0). Calculate the greatest common divisor of 9 and r.
9
Suppose 15*r + 5*w = 17*r - 81, -3*r = w - 79. What is the highest common factor of 91 and r?
7
Let i = 64 + -64. Suppose i = 3*u - 285 - 315. Calculate the highest common factor of u and 80.
40
Let x(j) = -2*j**3 - 67*j**2 - 108*j + 32. Let m be x(-32). What is the greatest common factor of 156 and m?
52
Let w(q) = q + 1. Let k be w(3). Suppose -x + k*x + 24 = 0. Let j(o) = -o**2 - 10*o - 6. Let b be j(x). What is the highest common factor of 20 and b?
10
Let b(i) = 197*i**2 + 2*i + 20. Let n be b(4). Calculate the highest common divisor of n and 12.
12
Let m(y) = -y**2 - 4*y + 2. Let i be m(-4). Suppose -29 = -i*o - 11. Suppose c + 179 = 215. What is the highest common factor of o and c?
9
Let o(p) = -5*p + 106. Let f be o(15). Calculate the highest common factor of 279 and f.
31
Let a(g) = -g**2 + 14. Let m = 5 - 5.